{"id":9,"date":"2023-01-24T12:55:33","date_gmt":"2023-01-24T11:55:33","guid":{"rendered":"https:\/\/conslione.esteri.it?page_id=9"},"modified":"2023-04-24T12:17:42","modified_gmt":"2023-04-24T10:17:42","slug":"chi-siamo","status":"publish","type":"page","link":"https:\/\/conslione.esteri.it\/it\/chi-siamo\/","title":{"rendered":"Chi siamo"},"content":{"rendered":"<p><strong>CONSOLATO GENERALE D&#8217;ITALIA IN LIONE<br \/>\n<\/strong><br \/>\n5, rue du Commandant Faurax<br \/>\n69006 Lyon 06<\/p>\n<p><strong>Tel.<\/strong>\u00a033 (0) 4 78 93 00 17<br \/>\n<strong>Fax<\/strong>\u00a033 (0)4 78 94 33 43<br \/>\n<strong>e-mail:<\/strong>\u00a0<a href=\"mailto:consolato.lione@esteri.it\">consolato.lione@esteri.it<\/a><\/p>\n<p><strong>Orario di apertura al pubblico:<\/strong> \u00a0\u00a0\u00a0\u00a0Dal luned\u00ec al venerd\u00ec dalle ore 9 alle ore 12;<br \/>\nIl marted\u00ec pomeriggio anche dalle ore 15 alle ore 16,30.<\/p>\n","protected":false},"excerpt":{"rendered":"CONSOLATO GENERALE D&#8217;ITALIA IN LIONE 5, rue du Commandant Faurax 69006 Lyon 06 Tel.\u00a033 (0) 4 78 93 00 17 Fax\u00a033 (0)4 78 94 33 43 e-mail:\u00a0consolato.lione@esteri.it Orario di apertura al pubblico: \u00a0\u00a0\u00a0\u00a0Dal luned\u00ec al venerd\u00ec dalle ore 9 alle ore 12; Il marted\u00ec pomeriggio anche dalle ore 15 alle ore 16,30.","protected":false},"author":1,"featured_media":0,"parent":0,"menu_order":2,"comment_status":"closed","ping_status":"closed","template":"","meta":{"footnotes":""},"class_list":["post-9","page","type-page","status-publish","hentry"],"_links":{"self":[{"href":"https:\/\/conslione.esteri.it\/it\/wp-json\/wp\/v2\/pages\/9","targetHints":{"allow":["GET"]}}],"collection":[{"href":"https:\/\/conslione.esteri.it\/it\/wp-json\/wp\/v2\/pages"}],"about":[{"href":"https:\/\/conslione.esteri.it\/it\/wp-json\/wp\/v2\/types\/page"}],"author":[{"embeddable":true,"href":"https:\/\/conslione.esteri.it\/it\/wp-json\/wp\/v2\/users\/1"}],"replies":[{"embeddable":true,"href":"https:\/\/conslione.esteri.it\/it\/wp-json\/wp\/v2\/comments?post=9"}],"version-history":[{"count":0,"href":"https:\/\/conslione.esteri.it\/it\/wp-json\/wp\/v2\/pages\/9\/revisions"}],"wp:attachment":[{"href":"https:\/\/conslione.esteri.it\/it\/wp-json\/wp\/v2\/media?parent=9"}],"curies":[{"name":"wp","href":"https:\/\/api.w.org\/{rel}","templated":true}]}}

<p><strong>CONSOLATO GENERALE D&#8217;ITALIA IN LIONE<br />
</strong><br />
5, rue du Commandant Faurax<br />
69006 Lyon 06</p>
<p><strong>Tel.</strong> 33 (0) 4 78 93 00 17<br />
<strong>Fax</strong> 33 (0)4 78 94 33 43<br />
<strong>e-mail:</strong> <a href="mailto:consolato.lione@esteri.it">consolato.lione@esteri.it</a></p>
<p><strong>Orario di apertura al pubblico:</strong>     Dal lunedì al venerdì dalle ore 9 alle ore 12;<br />
Il martedì pomeriggio anche dalle ore 15 alle ore 16,30.</p>

CONSOLATO GENERALE D&#8217;ITALIA IN LIONE 5, rue du Commandant Faurax 69006 Lyon 06 Tel. 33 (0) 4 78 93 00 17 Fax 33 (0)4 78 94 33 43 e-mail: consolato.lione@esteri.it Orario di apertura al pubblico:     Dal lunedì al venerdì dalle ore 9 alle ore 12; Il martedì pomeriggio anche dalle ore 15 alle ore 16,30.
